{"id":6958,"date":"2021-11-26T10:25:29","date_gmt":"2021-11-26T09:25:29","guid":{"rendered":"http:\/\/przedszkolejenin.pl\/?page_id=6958"},"modified":"2021-11-26T11:03:00","modified_gmt":"2021-11-26T10:03:00","slug":"dzialania-w-roku-szkolnym-20202021","status":"publish","type":"page","link":"https:\/\/przedszkolejenin.pl\/index.php\/przedszkole-promujace-zdrowie\/dzialania-w-roku-szkolnym-20202021\/","title":{"rendered":"Dzia\u0142ania w roku szkolnym 2020\/2021"},"content":{"rendered":"<p style=\"text-align: center;\">Zapraszamy do zapoznania si\u0119 z naszym programem dzia\u0142a\u0144 promuj\u0105cych zdrowie na rok szkolny 2020\/2021<\/p>\n<p>&nbsp;<\/p>\n<p>&nbsp;<\/p>\n<p style=\"text-align: center;\">Zapraszamy do zapoznania si\u0119 ze sprawozdaniem z dzia\u0142a\u0144 naszej plac\u00f3wki\u00a0\u00a0\u00a0\u00a0\u00a0\u00a0\u00a0\u00a0\u00a0\u00a0\u00a0\u00a0\u00a0\u00a0\u00a0\u00a0\u00a0\u00a0\u00a0\u00a0\u00a0\u00a0\u00a0\u00a0\u00a0\u00a0\u00a0\u00a0\u00a0 w roku szkolnym 2020\/2021<\/p>\n<p style=\"text-align: center;\"><a href=\"http:\/\/przedszkolejenin.pl\/wp-content\/uploads\/2021\/11\/Sprawozdanie-Szko\u0142a-Promuj\u0105ca-Zdrowie-2020-2021.doc\">Sprawozdanie Szko\u0142a Promuj\u0105ca Zdrowie 2020-2021<\/a><\/p>\n<p>&nbsp;<\/p>\n<p style=\"text-align: center;\">\n","protected":false},"excerpt":{"rendered":"<p>Zapraszamy do zapoznania si\u0119 z naszym programem dzia\u0142a\u0144 promuj\u0105cych zdrowie na rok szkolny 2020\/2021 &nbsp; &nbsp; Zapraszamy do zapoznania si\u0119 ze sprawozdaniem z dzia\u0142a\u0144 naszej plac\u00f3wki\u00a0\u00a0\u00a0\u00a0\u00a0\u00a0\u00a0\u00a0\u00a0\u00a0\u00a0\u00a0\u00a0\u00a0\u00a0\u00a0\u00a0\u00a0\u00a0\u00a0\u00a0\u00a0\u00a0\u00a0\u00a0\u00a0\u00a0\u00a0\u00a0 w roku szkolnym 2020\/2021 Sprawozdanie Szko\u0142a Promuj\u0105ca Zdrowie 2020-2021 &nbsp;<\/p>\n","protected":false},"author":1,"featured_media":0,"parent":2521,"menu_order":3,"comment_status":"closed","ping_status":"closed","template":"","meta":[],"_links":{"self":[{"href":"https:\/\/przedszkolejenin.pl\/index.php\/wp-json\/wp\/v2\/pages\/6958"}],"collection":[{"href":"https:\/\/przedszkolejenin.pl\/index.php\/wp-json\/wp\/v2\/pages"}],"about":[{"href":"https:\/\/przedszkolejenin.pl\/index.php\/wp-json\/wp\/v2\/types\/page"}],"author":[{"embeddable":true,"href":"https:\/\/przedszkolejenin.pl\/index.php\/wp-json\/wp\/v2\/users\/1"}],"replies":[{"embeddable":true,"href":"https:\/\/przedszkolejenin.pl\/index.php\/wp-json\/wp\/v2\/comments?post=6958"}],"version-history":[{"count":4,"href":"https:\/\/przedszkolejenin.pl\/index.php\/wp-json\/wp\/v2\/pages\/6958\/revisions"}],"predecessor-version":[{"id":6978,"href":"https:\/\/przedszkolejenin.pl\/index.php\/wp-json\/wp\/v2\/pages\/6958\/revisions\/6978"}],"up":[{"embeddable":true,"href":"https:\/\/przedszkolejenin.pl\/index.php\/wp-json\/wp\/v2\/pages\/2521"}],"wp:attachment":[{"href":"https:\/\/przedszkolejenin.pl\/index.php\/wp-json\/wp\/v2\/media?parent=6958"}],"curies":[{"name":"wp","href":"https:\/\/api.w.org\/{rel}","templated":true}]}}