{"id":5702,"date":"2021-02-04T11:36:51","date_gmt":"2021-02-04T10:36:51","guid":{"rendered":"http:\/\/przedszkolejenin.pl\/?page_id=5702"},"modified":"2021-02-04T11:40:04","modified_gmt":"2021-02-04T10:40:04","slug":"klauzura-informacyjna-skierowana-do-rodzicow","status":"publish","type":"page","link":"https:\/\/przedszkolejenin.pl\/index.php\/strona-glowna\/kadra\/klauzura-informacyjna-skierowana-do-rodzicow\/","title":{"rendered":"Klauzula informacyjna skierowana do rodzic\u00f3w"},"content":{"rendered":"<p><strong>KLAUZULA INFORMACYJNA<\/strong><\/p>\n<p>Na podstawie art. 13 ust. 1 i 2 Rozporz\u0105dzenia Parlamentu Europejskiego i Rady (UE) 2016\/679 z 27 kwietnia 2016 r. w sprawie ochrony os\u00f3b fizycznych w zwi\u0105zku z przetwarzaniem danych osobowych i w sprawie swobodnego przep\u0142ywu takich danych oraz uchylenia dyrektywy 95\/46\/WE (Dz.U.UE. L. z 2016r. Nr 119, s.1 ze zm.) &#8211; \u201edalej jako RODO\u201d informuj\u0119, \u017ce:<\/p>\n<ol>\n<li>Administratorem jest <strong>Gminne Przedszkole Publiczne w Jeninie ul. Lipowa 6 66-450 Bogdaniec, adres poczty: ppjenin@wp.pl<\/strong><\/li>\n<li>Administrator wyznaczy\u0142 inspektora ochrony danych, z kt\u00f3rym mo\u017cna skontaktowa\u0107 si\u0119 pod adresem e-mail: inspektor @cbi24.pl lub pisemnie na adres Administratora.<\/li>\n<li>Celem przetwarzania jest realizacja zada\u0144 o\u015bwiatowych, dydaktycznych, wychowawczych, zagwarantowanie dziecku bezpiecze\u0144stwa oraz wype\u0142nianie obowi\u0105zku dotycz\u0105cego uzupe\u0142niania i prowadzenia dokumentacji przebiegu nauczania, dzia\u0142alno\u015bci wychowawczej i opieku\u0144czej.<\/li>\n<li>Podstaw\u0105 prawn\u0105 przetwarzania danych jest art. 6 ust. 1 lit. c) RODO oraz art. 9 ust. 2 lit. g) RODO. Wype\u0142nienie obowi\u0105zk\u00f3w prawnych ci\u0105\u017c\u0105cych na administratorze wynika z przepis\u00f3w:<\/li>\n<\/ol>\n<p>&#8211; ustawy z dnia 14 grudnia 2016 r. Prawo o\u015bwiatowe;<\/p>\n<p>&#8211; ustawy z dnia 7 wrze\u015bnia 1991 r. o systemie o\u015bwiaty;<\/p>\n<p>&#8211;\u00a0akt\u00f3w wykonawczych do ww. ustaw, w tym rozporz\u0105dzenia Ministra Edukacji Narodowej z dnia 25 sierpnia 2017 r. w sprawie sposobu prowadzenia przez publiczne przedszkola, szko\u0142y i plac\u00f3wki dokumentacji przebiegu nauczania, dzia\u0142alno\u015bci wychowawczej i opieku\u0144czej oraz rodzaj\u00f3w tej dokumentacji.<\/p>\n<p>Podanie danych jest wymogiem ustawowym. Osoba, kt\u00f3rej dane dotycz\u0105 jest zobowi\u0105zana je poda\u0107. Konsekwencj\u0105 niepodania danych jest brak mo\u017cliwo\u015bci realizacji zada\u0144 ustawowych przez administratora.<\/p>\n<ol start=\"5\">\n<li>Dane osobowe b\u0119d\u0105 ujawniane osobom dzia\u0142aj\u0105cym z upowa\u017cnienia administratora, maj\u0105cym dost\u0119p do danych osobowych i przetwarzaj\u0105cym je wy\u0142\u0105cznie na polecenie administratora, chyba \u017ce wymaga tego prawo UE lub prawo pa\u0144stwa cz\u0142onkowskiego.<\/li>\n<\/ol>\n<p>Odbiorcami danych b\u0119d\u0105 r\u00f3wnie\u017c podmioty przetwarzaj\u0105ce dane na zlecenie tj. dostawca us\u0142ug strony internetowej, dostawca us\u0142ug Poczty mailowej, obs\u0142uga w zakresie BHP zlecona podmiotowi zewn\u0119trznemu.<\/p>\n<p>Ponadto dane osobowe s\u0105 ujawniane Kuratorium O\u015bwiaty. MEN SIO.<\/p>\n<ol start=\"6\">\n<li>Dane osobowe b\u0119d\u0105 przetwarzane przez okres pobierania nauki w przedszkolu, a nast\u0119pnie przez okres niezb\u0119dny do archiwizacji tj. z uwzgl\u0119dnieniem okres\u00f3w przechowywania okre\u015blonych w przepisach szczeg\u00f3lnych w tym przepis\u00f3w archiwalnych okre\u015blany dla danej dokumentacji:<\/li>\n<li>Ma Pan\/Pani prawo:<\/li>\n<\/ol>\n<p>&#8211; dost\u0119pu do swoich danych osobowych;<\/p>\n<p>&#8211; sprostowania nieprawid\u0142owych danych;<\/p>\n<p>&#8211; \u017c\u0105dania usuni\u0119cia danych, o ile znajdzie zastosowanie jedna z przes\u0142anek z art. 17 ust. 1 RODO;<\/p>\n<p>&#8211; \u017c\u0105dania ograniczenia przetwarzania danych.<\/p>\n<ol start=\"8\">\n<li>Ma Pan\/Pani prawo z\u0142o\u017cenia skargi na niezgodne z prawem przetwarzanie danych osobowych do Prezesa Urz\u0119du Ochrony Danych Osobowych, ul. Stawki 2, 00 \u2013 193 Warszawa.<\/li>\n<li>Pa\u0144stwa dane osobowych nie b\u0119d\u0105 przekazywane poza Europejski Obszar Gospodarczy (obejmuj\u0105cy Uni\u0119 Europejsk\u0105, Norwegi\u0119, Liechtenstein i Islandi\u0119).<\/li>\n<\/ol>\n<p>&nbsp;<\/p>\n<p>&nbsp;<\/p>\n","protected":false},"excerpt":{"rendered":"<p>KLAUZULA INFORMACYJNA Na podstawie art. 13 ust. 1 i 2 Rozporz\u0105dzenia Parlamentu Europejskiego i Rady (UE) 2016\/679 z 27 kwietnia 2016 r. w sprawie ochrony os\u00f3b fizycznych w zwi\u0105zku z przetwarzaniem danych osobowych i w sprawie swobodnego przep\u0142ywu takich danych oraz uchylenia dyrektywy 95\/46\/WE (Dz.U.UE. L. z 2016r. Nr 119, s.1 ze zm.) &#8211; \u201edalej &hellip; <a href=\"https:\/\/przedszkolejenin.pl\/index.php\/strona-glowna\/kadra\/klauzura-informacyjna-skierowana-do-rodzicow\/\" class=\"more-link\">Czytaj dalej <span class=\"screen-reader-text\">Klauzula informacyjna skierowana do rodzic\u00f3w<\/span> <span class=\"meta-nav\">&rarr;<\/span><\/a><\/p>\n","protected":false},"author":1,"featured_media":0,"parent":220,"menu_order":2,"comment_status":"closed","ping_status":"closed","template":"","meta":[],"_links":{"self":[{"href":"https:\/\/przedszkolejenin.pl\/index.php\/wp-json\/wp\/v2\/pages\/5702"}],"collection":[{"href":"https:\/\/przedszkolejenin.pl\/index.php\/wp-json\/wp\/v2\/pages"}],"about":[{"href":"https:\/\/przedszkolejenin.pl\/index.php\/wp-json\/wp\/v2\/types\/page"}],"author":[{"embeddable":true,"href":"https:\/\/przedszkolejenin.pl\/index.php\/wp-json\/wp\/v2\/users\/1"}],"replies":[{"embeddable":true,"href":"https:\/\/przedszkolejenin.pl\/index.php\/wp-json\/wp\/v2\/comments?post=5702"}],"version-history":[{"count":3,"href":"https:\/\/przedszkolejenin.pl\/index.php\/wp-json\/wp\/v2\/pages\/5702\/revisions"}],"predecessor-version":[{"id":5709,"href":"https:\/\/przedszkolejenin.pl\/index.php\/wp-json\/wp\/v2\/pages\/5702\/revisions\/5709"}],"up":[{"embeddable":true,"href":"https:\/\/przedszkolejenin.pl\/index.php\/wp-json\/wp\/v2\/pages\/220"}],"wp:attachment":[{"href":"https:\/\/przedszkolejenin.pl\/index.php\/wp-json\/wp\/v2\/media?parent=5702"}],"curies":[{"name":"wp","href":"https:\/\/api.w.org\/{rel}","templated":true}]}}