{"id":5121,"date":"2020-09-23T20:52:18","date_gmt":"2020-09-23T18:52:18","guid":{"rendered":"http:\/\/przedszkolejenin.pl\/?page_id=5121"},"modified":"2025-09-15T19:51:29","modified_gmt":"2025-09-15T17:51:29","slug":"20202021-2","status":"publish","type":"page","link":"https:\/\/przedszkolejenin.pl\/index.php\/galeria\/20202021-2\/","title":{"rendered":"2020\/2021"},"content":{"rendered":"<p><a href=\"http:\/\/przedszkolejenin.pl\/index.php\/2022\/04\/05\/wiewiorki-bawia-sie-w-teatr\/\">Wiewi\u00f3rki bawi\u0105 si\u0119 w teatr<\/a><\/p>\n<p style=\"text-align: left;\"><a href=\"http:\/\/przedszkolejenin.pl\/index.php\/2020\/09\/23\/dzien-przedszkolaka-2020\/\">Dzie\u0144 Przedszkolaka 2020<\/a><\/p>\n<p><a href=\"http:\/\/przedszkolejenin.pl\/index.php\/2020\/10\/06\/dzien-chlopaka-2020\/\">Dzie\u0144 Ch\u0142opaka 2020<\/a><\/p>\n<p><a href=\"http:\/\/przedszkolejenin.pl\/index.php\/2020\/10\/18\/sadzenie-jesiennych-kwiatow-2\/\">Sadzenie jesiennych kwiat\u00f3w<\/a><\/p>\n<p><a href=\"http:\/\/przedszkolejenin.pl\/index.php\/2020\/10\/18\/grzybki\/\">W przedszkolu m\u00f3wimy o grzybach i lesie &#8211; czy ju\u017c przysz\u0142a do nas Jesie\u0144?<\/a><\/p>\n<p><a href=\"http:\/\/przedszkolejenin.pl\/index.php\/2020\/10\/27\/bal-jesieni-2020\/\">Bal Jesieni 2020<\/a><\/p>\n<p><a href=\"http:\/\/przedszkolejenin.pl\/index.php\/2020\/10\/27\/europejski-tydzien-kodowania\/\">Europejski Tydzie\u0144 Kodowania<\/a><\/p>\n<p><a href=\"http:\/\/przedszkolejenin.pl\/index.php\/2020\/12\/06\/mikolajki-2020\/\">Miko\u0142ajki 2020<\/a><\/p>\n<p><a href=\"http:\/\/przedszkolejenin.pl\/index.php\/2021\/01\/19\/pierniczki-jezykow\/\">Pierniczki Je\u017cyk\u00f3w<\/a><\/p>\n<p><a href=\"http:\/\/przedszkolejenin.pl\/index.php\/2021\/01\/19\/piernikowe-wypieki-wiewiorek\/\">Piernikowe wypieki Wiewi\u00f3rek<\/a><\/p>\n<p><a href=\"http:\/\/przedszkolejenin.pl\/index.php\/2021\/01\/19\/zabawy-na-sniegu-jezykow\/\">Zabawy na \u015bniegu Je\u017cyk\u00f3w<\/a><\/p>\n<p><a href=\"http:\/\/przedszkolejenin.pl\/index.php\/2021\/01\/19\/balwankowy-konkurs-wiewiorek\/\">Ba\u0142wankowy konkurs Wiewi\u00f3rek<\/a><\/p>\n<p><a href=\"http:\/\/przedszkolejenin.pl\/index.php\/2021\/01\/19\/wiewiorki-dokarmiaja-ptaki\/\">Wiewi\u00f3rki dokarmiaj\u0105 ptaki<\/a><\/p>\n<p><a href=\"http:\/\/przedszkolejenin.pl\/index.php\/2021\/01\/19\/wiewiorki-buduja-zagrode-wiejska\/\">Wiewi\u00f3rki buduj\u0105 zagrod\u0119 wiejsk\u0105<\/a><\/p>\n<p><a href=\"http:\/\/przedszkolejenin.pl\/index.php\/2021\/01\/19\/innowacja-przyrodniczo-badawcza-badanie-sniegu\/\">IInnowacja przyrodniczo &#8211; badawcza &#8211; &#8222;Badanie \u015bniegu&#8221;<\/a><\/p>\n<p><a href=\"http:\/\/przedszkolejenin.pl\/index.php\/2021\/01\/19\/balwanki-z-masy-solnej\/\">Ba\u0142wanki z masy solnej<\/a><\/p>\n<p><a href=\"http:\/\/przedszkolejenin.pl\/index.php\/2021\/02\/15\/innowacja-przyrodniczo-badawcza-magiczne-kapsulki\/\">Innowacja przyrodniczo &#8211; badawcza &#8211; &#8222;Magiczne kapsu\u0142ki&#8221;<\/a><\/p>\n<p><a href=\"http:\/\/przedszkolejenin.pl\/index.php\/2021\/02\/15\/innowacja-przyrodniczo-badawcza-ogrodek-na-parapet\/\">Innowacja przyrodniczo &#8211; badawcza &#8211; &#8222;Ogr\u00f3dek na parapet&#8221;<\/a><\/p>\n<p><a href=\"http:\/\/przedszkolejenin.pl\/index.php\/2021\/02\/15\/bal-karnawalowy-grupa-jezyki\/\">Bal karnawa\u0142owy &#8211; grupa Je\u017cyki<\/a><\/p>\n<p><a href=\"http:\/\/przedszkolejenin.pl\/index.php\/2021\/02\/15\/bal-karnawalowy-grupa-wiewiorki\/\">Bal karnawa\u0142owy &#8211; grupa Wiewi\u00f3rki<\/a><\/p>\n<p><a href=\"http:\/\/przedszkolejenin.pl\/index.php\/2021\/02\/15\/bal-przebierancow-grypa-wiewiorki-cz-ii\/\">Bal karnawa\u0142owy &#8211; grupa Wiewi\u00f3rki cz II<\/a><\/p>\n<p><a href=\"http:\/\/przedszkolejenin.pl\/index.php\/2021\/02\/17\/dzien-kota-w-grupie-jezykow\/\">Dzie\u0144 kota w grupie Je\u017cyki<\/a><\/p>\n<p><a href=\"http:\/\/przedszkolejenin.pl\/index.php\/2021\/03\/05\/zajecia-szachowe\/\">Zaj\u0119cia szachowe<\/a><\/p>\n<p><a href=\"http:\/\/przedszkolejenin.pl\/index.php\/2021\/03\/05\/kolega-czyta-nam-bajki-grupa-wiewioreczki\/\">Kolega czyta nam bajki &#8211; grupa Wiewi\u00f3reczki<\/a><\/p>\n<p><a href=\"http:\/\/przedszkolejenin.pl\/index.php\/2021\/03\/05\/odkrywamy-nasze-talenty\/\">Odkrywamy nasze talenty<\/a><\/p>\n<p><a href=\"http:\/\/przedszkolejenin.pl\/index.php\/2021\/03\/05\/droga-do-dzwieku-jezyki\/\">Droga do d\u017awi\u0119ku &#8211; Je\u017cyki<\/a><\/p>\n<p><a href=\"http:\/\/przedszkolejenin.pl\/index.php\/2021\/04\/06\/wiewiorki-pelnia-dyzury-przy-posilkach\/\">Wiewi\u00f3rki pe\u0142ni\u0105 dy\u017cury przy posi\u0142kach<\/a><\/p>\n<p><a href=\"http:\/\/przedszkolejenin.pl\/index.php\/2021\/04\/06\/dzien-kobiet-w-grupie-jezykow\/\">Dzie\u0144 kobiet w grupie Je\u017cyk\u00f3w<\/a><\/p>\n<p><a href=\"http:\/\/przedszkolejenin.pl\/index.php\/2021\/04\/06\/dzien-kobiet-w-grupie-wiewiorek\/\">Dzie\u0144 kobiet w grupie Wiewi\u00f3rek<\/a><\/p>\n<p><a href=\"http:\/\/przedszkolejenin.pl\/index.php\/2021\/04\/06\/wiewiorki-szukaja-prezentow-od-pani-wiosny\/\">Wiewi\u00f3rki szukaj\u0105 prezent\u00f3w od Pani Wiosny<\/a><\/p>\n<p><a href=\"http:\/\/przedszkolejenin.pl\/index.php\/2021\/04\/06\/teatrzyk-w-grupie-jezyki\/\">Teatrzyk w grupie Je\u017cyki<\/a><\/p>\n<p><a href=\"http:\/\/przedszkolejenin.pl\/index.php\/2021\/04\/06\/kino-w-przedszkolu\/\">Kino w przedszkolu<\/a><\/p>\n<p><a href=\"http:\/\/przedszkolejenin.pl\/index.php\/2021\/05\/26\/wiewiorki-segreguja-odpady\/\">Wiewi\u00f3rki segreguj\u0105 odpady<\/a><\/p>\n<p><a href=\"http:\/\/przedszkolejenin.pl\/index.php\/2021\/05\/26\/jezyki-segreguja-odpady\/\">Je\u017cyki segreguj\u0105 odpady<\/a><\/p>\n<p><a href=\"http:\/\/przedszkolejenin.pl\/index.php\/2021\/05\/26\/jezyki-plakat-dla-ziemi\/\">Je\u017cyki &#8211; plakat dla Ziemi<\/a><\/p>\n<p><a href=\"http:\/\/przedszkolejenin.pl\/index.php\/2021\/04\/06\/jezyki-poszukiwania-prezentow-od-pani-wiosny\/\">Je\u017cyki- poszukiwania prezent\u00f3w od Pani Wiosny<\/a><\/p>\n<p><a href=\"http:\/\/przedszkolejenin.pl\/index.php\/2021\/05\/26\/wiewiorki-sadza-bratki\/\">Wiewi\u00f3rki sadz\u0105 bratki<\/a><\/p>\n<p><a href=\"http:\/\/przedszkolejenin.pl\/index.php\/2021\/05\/26\/jezyki-sadza-bratki\/\">Je\u017cyki sadz\u0105 bratki<\/a><\/p>\n<p><a href=\"http:\/\/przedszkolejenin.pl\/index.php\/2021\/05\/26\/jezyki-flaga-polski\/\">Je\u017cyki &#8211; Flaga Polski<\/a><\/p>\n<p><a href=\"http:\/\/przedszkolejenin.pl\/index.php\/2021\/05\/26\/wiewiorki-poznaja-symbole-narodowe\/\">Wiewi\u00f3rki poznaj\u0105 symbole narodowe<\/a><\/p>\n<p><a href=\"http:\/\/przedszkolejenin.pl\/index.php\/2021\/05\/26\/przygotowania-wiewiorek-do-dnia-mamy\/\">Przygotowania Wiewi\u00f3rek do Dnia Mamy<\/a><\/p>\n<p><a href=\"http:\/\/przedszkolejenin.pl\/index.php\/2021\/06\/10\/dzien-dziecka\/\">Dzie\u0144 dziecka<\/a><\/p>\n<p><a href=\"http:\/\/przedszkolejenin.pl\/index.php\/2021\/06\/10\/6584\/\">Wspania\u0142y prezent na Dzie\u0144 dziecka- monitor multimedialny<\/a><\/p>\n<p>&nbsp;<\/p>\n<p>&nbsp;<\/p>\n","protected":false},"excerpt":{"rendered":"<p>Wiewi\u00f3rki bawi\u0105 si\u0119 w teatr Dzie\u0144 Przedszkolaka 2020 Dzie\u0144 Ch\u0142opaka 2020 Sadzenie jesiennych kwiat\u00f3w W przedszkolu m\u00f3wimy o grzybach i lesie &#8211; czy ju\u017c przysz\u0142a do nas Jesie\u0144? Bal Jesieni 2020 Europejski Tydzie\u0144 Kodowania Miko\u0142ajki 2020 Pierniczki Je\u017cyk\u00f3w Piernikowe wypieki Wiewi\u00f3rek Zabawy na \u015bniegu Je\u017cyk\u00f3w Ba\u0142wankowy konkurs Wiewi\u00f3rek Wiewi\u00f3rki dokarmiaj\u0105 ptaki Wiewi\u00f3rki buduj\u0105 zagrod\u0119 wiejsk\u0105 &hellip; <a href=\"https:\/\/przedszkolejenin.pl\/index.php\/galeria\/20202021-2\/\" class=\"more-link\">Czytaj dalej <span class=\"screen-reader-text\">2020\/2021<\/span> <span class=\"meta-nav\">&rarr;<\/span><\/a><\/p>\n","protected":false},"author":1,"featured_media":0,"parent":41,"menu_order":6,"comment_status":"closed","ping_status":"closed","template":"","meta":[],"_links":{"self":[{"href":"https:\/\/przedszkolejenin.pl\/index.php\/wp-json\/wp\/v2\/pages\/5121"}],"collection":[{"href":"https:\/\/przedszkolejenin.pl\/index.php\/wp-json\/wp\/v2\/pages"}],"about":[{"href":"https:\/\/przedszkolejenin.pl\/index.php\/wp-json\/wp\/v2\/types\/page"}],"author":[{"embeddable":true,"href":"https:\/\/przedszkolejenin.pl\/index.php\/wp-json\/wp\/v2\/users\/1"}],"replies":[{"embeddable":true,"href":"https:\/\/przedszkolejenin.pl\/index.php\/wp-json\/wp\/v2\/comments?post=5121"}],"version-history":[{"count":53,"href":"https:\/\/przedszkolejenin.pl\/index.php\/wp-json\/wp\/v2\/pages\/5121\/revisions"}],"predecessor-version":[{"id":7897,"href":"https:\/\/przedszkolejenin.pl\/index.php\/wp-json\/wp\/v2\/pages\/5121\/revisions\/7897"}],"up":[{"embeddable":true,"href":"https:\/\/przedszkolejenin.pl\/index.php\/wp-json\/wp\/v2\/pages\/41"}],"wp:attachment":[{"href":"https:\/\/przedszkolejenin.pl\/index.php\/wp-json\/wp\/v2\/media?parent=5121"}],"curies":[{"name":"wp","href":"https:\/\/api.w.org\/{rel}","templated":true}]}}