{"id":44,"date":"2017-12-21T21:50:21","date_gmt":"2017-12-21T20:50:21","guid":{"rendered":"http:\/\/przedszkolejenin.pl\/?page_id=44"},"modified":"2025-09-03T21:07:52","modified_gmt":"2025-09-03T19:07:52","slug":"ramowy-rozklad-dnia-grupy-jezyki","status":"publish","type":"page","link":"https:\/\/przedszkolejenin.pl\/index.php\/dokumenty\/ramowy-rozklad-dnia-grupy-jezyki\/","title":{"rendered":"Ramowy rozk\u0142ad dnia grupy &#8222;Je\u017cyki&#8221;"},"content":{"rendered":"<p style=\"text-align: center;\"><strong>Ramowy Rozk\u0142ad Dnia<br \/>\nGrupa \u201eJe\u017cyki\u201d<\/strong><\/p>\n<p><strong>6.30 \u2013 8.20<\/strong> \u2013 Codziennie rano przychodzimy do przedszkola. \u017begnamy si\u0119 z rodzicami a witamy z pani\u0105<br \/>\ni zaczynamy zabaw\u0119 z kolegami i kole\u017cankami. Zgodnie bawimy si\u0119 w r\u00f3\u017cnorodnych k\u0105cikach zainteresowa\u0144, korzystamy z zabawek dost\u0119pnych w sali.<\/p>\n<p><strong>8.20 \u2013 8.30\u00a0 \u2013<\/strong> Zabawy ruchowe na dywanie, \u015bpiewamy piosenki, korzystamy z zabawek dost\u0119pnych w sali. Wsp\u00f3lnie porz\u0105dkujemy zabawki.<\/p>\n<p><strong>8.30 \u2013 8.45<\/strong> \u2013 Przygotowujemy si\u0119 do \u015bniadania. Myjemy dok\u0142adnie r\u0119ce \u2013 instrukta\u017c prawid\u0142owego mycia r\u0105k, zachowujemy czysto\u015b\u0107 w \u0142azience.<\/p>\n<p><strong>8.45 \u2013 9.15<\/strong> \u2013 Jemy \u015bniadanie. Kulturalnie spo\u017cywamy posi\u0142ek, pami\u0119tamy o przestrzeganiu zasad &#8211; nie kr\u0119cimy si\u0119 na krzese\u0142kach, nie rozmawiamy podczas spo\u017cywania posi\u0142ku, dbamy o jego estetyczne spo\u017cywanie.<br \/>\nPo sko\u0144czonym \u015bniadaniu dzi\u0119kujemy za pyszne jedzenie, pami\u0119tamy o zasuwaniu krzese\u0142ek po zako\u0144czonym posi\u0142ku.<\/p>\n<p><strong>09.15 \u2013 10.00 &#8211; <\/strong>Zabawy swobodne wed\u0142ug zainteresowa\u0144 dzieci<strong>\u2013 <\/strong>pami\u0119tanie o dzieleniu si\u0119 zabawkami, przestrzegamy obowi\u0105zuj\u0105cych zasad, zach\u0119camy innych do wsp\u00f3lnej zabawy<strong>. <\/strong>Porz\u0105dkujemy sal\u0119 po zako\u0144czonej zabawie.<\/p>\n<p><strong>10.00 \u2013 10.15<\/strong> \u2013Bierzemy udzia\u0142 w zaj\u0119ciach zorganizowanych z ca\u0142\u0105 grup\u0105: \u015bpiewamy piosenki, uczymy si\u0119 wierszyk\u00f3w, s\u0142uchamy opowiada\u0144 czytanych przez nasz\u0105 pani\u0105, liczymy, rysujemy, ta\u0144czymy.<\/p>\n<p><strong>10.15 \u2013 10.45 \u2013<\/strong>Uczestniczymy w zaj\u0119ciach plastycznych, gimnastycznych, rytmicznych.<\/p>\n<p><strong>10.45 \u2013 11.00<\/strong> \u2013 Przygotowujemy si\u0119 do posi\u0142ku \u2013 kszta\u0142tujemy codzienne nawyki higieniczne, myjemy dok\u0142adnie r\u0105czki, utrzymujemy czysto\u015b\u0107 w \u0142azience.<\/p>\n<p><strong>11.00 \u2013 11.30 <\/strong>\u2013 Jemy pyszn\u0105 zupk\u0119 \u2013 pami\u0119tamy o zwrotach grzeczno\u015bciowych, kulturalnym spo\u017cywaniu posi\u0142ku oraz o zachowaniu prawid\u0142owej postawy przy stoliku.<\/p>\n<p><strong>11.30 \u2013 12.15<\/strong> \u2013 Wsp\u00f3lnie bawimy si\u0119 w k\u0105cikach tematycznych, pami\u0119tamy o dzieleniu si\u0119 zabawkami<br \/>\nz wszystkimi dzie\u0107mi. Po sko\u0144czonej zabawie wsp\u00f3lnie porz\u0105dkujemy sal\u0119.<\/p>\n<p><strong>12.15 \u2013 12.45 \u2013<\/strong>Bawimy si\u0119 na placu zabaw, korzystamy ze sprz\u0119tu i dost\u0119pnych zabawek, pami\u0119tamy<br \/>\no bezpiecze\u0144stwie podczas korzystania ze sprz\u0119tu terenowego lub w sali \u2013 w zale\u017cno\u015bci od pogody. Kiedy pada deszcz uczestniczymy w zaj\u0119ciach w sali przedszkolnej.<\/p>\n<p><strong>12.45 \u2013 13.00<\/strong> \u2013 Przygotowujemy si\u0119 do posi\u0142ku \u2013 kszta\u0142tujemy codzienne nawyki higieniczne, myjemy starannie r\u0105czki, utrzymujemy czysto\u015b\u0107 w \u0142azience.<\/p>\n<p><strong>13.00 \u2013 13.45<\/strong> \u2013 Jemy drugie danie i podwieczorek \u2013 pami\u0119tamy o zwrotach grzeczno\u015bciowych, zwracamy uwag\u0119 na prawid\u0142owe trzymanie sztu\u0107c\u00f3w, dbamy o czysto\u015b\u0107 podczas posi\u0142ku.<\/p>\n<p><strong>13.45 \u2013 14.30<\/strong> \u2013 Spacerujemy \u2013 obserwujemy zmiany w przyrodzie, pogodzie szukamy skarb\u00f3w, bawimy si\u0119 na placu zabaw lub w sali. Kiedy pada deszczyk s\u0142uchamy opowiada\u0144 czytanych przez nauczycielk\u0119, odtwarzanych z p\u0142yty CD, s\u0142uchamy muzyki, ogl\u0105damy bajki, wyciszamy si\u0119 i relaksujemy.<\/p>\n<p><strong>14.30 \u2013 16.00<\/strong> \u2013 Bawimy si\u0119 dowolnie w k\u0105cikach zainteresowa\u0144, rozmawiamy sobie z nasz\u0105 pani\u0105 na przer\u00f3\u017cne tematy, opowiadamy o wra\u017ceniach z minionego dnia w przedszkolu, albo bawimy si\u0119 na placu zabaw. \u017begnamy si\u0119 z paniami i przedszkolem. Idziemy do domku.<\/p>\n","protected":false},"excerpt":{"rendered":"<p>Ramowy Rozk\u0142ad Dnia Grupa \u201eJe\u017cyki\u201d 6.30 \u2013 8.20 \u2013 Codziennie rano przychodzimy do przedszkola. \u017begnamy si\u0119 z rodzicami a witamy z pani\u0105 i zaczynamy zabaw\u0119 z kolegami i kole\u017cankami. Zgodnie bawimy si\u0119 w r\u00f3\u017cnorodnych k\u0105cikach zainteresowa\u0144, korzystamy z zabawek dost\u0119pnych w sali. 8.20 \u2013 8.30\u00a0 \u2013 Zabawy ruchowe na dywanie, \u015bpiewamy piosenki, korzystamy z zabawek &hellip; <a href=\"https:\/\/przedszkolejenin.pl\/index.php\/dokumenty\/ramowy-rozklad-dnia-grupy-jezyki\/\" class=\"more-link\">Czytaj dalej <span class=\"screen-reader-text\">Ramowy rozk\u0142ad dnia grupy &#8222;Je\u017cyki&#8221;<\/span> <span class=\"meta-nav\">&rarr;<\/span><\/a><\/p>\n","protected":false},"author":1,"featured_media":0,"parent":39,"menu_order":1,"comment_status":"closed","ping_status":"closed","template":"","meta":[],"_links":{"self":[{"href":"https:\/\/przedszkolejenin.pl\/index.php\/wp-json\/wp\/v2\/pages\/44"}],"collection":[{"href":"https:\/\/przedszkolejenin.pl\/index.php\/wp-json\/wp\/v2\/pages"}],"about":[{"href":"https:\/\/przedszkolejenin.pl\/index.php\/wp-json\/wp\/v2\/types\/page"}],"author":[{"embeddable":true,"href":"https:\/\/przedszkolejenin.pl\/index.php\/wp-json\/wp\/v2\/users\/1"}],"replies":[{"embeddable":true,"href":"https:\/\/przedszkolejenin.pl\/index.php\/wp-json\/wp\/v2\/comments?post=44"}],"version-history":[{"count":11,"href":"https:\/\/przedszkolejenin.pl\/index.php\/wp-json\/wp\/v2\/pages\/44\/revisions"}],"predecessor-version":[{"id":15082,"href":"https:\/\/przedszkolejenin.pl\/index.php\/wp-json\/wp\/v2\/pages\/44\/revisions\/15082"}],"up":[{"embeddable":true,"href":"https:\/\/przedszkolejenin.pl\/index.php\/wp-json\/wp\/v2\/pages\/39"}],"wp:attachment":[{"href":"https:\/\/przedszkolejenin.pl\/index.php\/wp-json\/wp\/v2\/media?parent=44"}],"curies":[{"name":"wp","href":"https:\/\/api.w.org\/{rel}","templated":true}]}}