{"id":225,"date":"2018-01-06T18:57:23","date_gmt":"2018-01-06T17:57:23","guid":{"rendered":"http:\/\/przedszkolejenin.pl\/?page_id=225"},"modified":"2025-11-12T16:55:23","modified_gmt":"2025-11-12T15:55:23","slug":"oplaty","status":"publish","type":"page","link":"https:\/\/przedszkolejenin.pl\/index.php\/strona-glowna\/oplaty\/","title":{"rendered":"Op\u0142aty"},"content":{"rendered":"<p><strong>Procedury naliczania i pobierania odp\u0142atno\u015bci od rodzic\u00f3w&nbsp;<\/strong><strong>(prawnych opiekun\u00f3w) za przedszkole<\/strong><\/p>\n<ol>\n<li>\u015awiadczenia w przedszkolu realizowane s\u0105 przez pi\u0119\u0107 dni w tygodniu od poniedzia\u0142ku do pi\u0105tku w godzinach od 6.30 do 16.00, w tym bezp\u0142atnie przez 5 godzin dziennie.<\/li>\n<li>Wysoko\u015b\u0107 op\u0142aty za korzystanie przez dziecko ze \u015bwiadcze\u0144 przedszkola o kt\u00f3rej mowa<\/li>\n<li>Op\u0142ata miesi\u0119czna za przedszkole obejmuje faktycznie zarejestrowane godziny pobytu dziecka w danym okresie rozliczeniowym<\/li>\n<li>Miesi\u0119czna wysoko\u015b\u0107 op\u0142aty za czas realizacji \u015bwiadcze\u0144 ustalana jest jako iloczyn ewidencjonowanych godzin pobytu dziecka zminusowany o godziny bezp\u0142atnej liczby godzin pobytu dziecka w przedszkolu .<\/li>\n<li>Nauczyciel lub pomoc nauczyciela ewidencjonuje godzin przyj\u015bcia dziecka do przedszkola oraz godzin\u0119 odbioru dziecka. Rodzic lub osoba upowa\u017cniona sk\u0142adaj\u0105 podpis potwierdzaj\u0105cy liczb\u0119 godzinowego pobytu dziecka w przedszkolu.<\/li>\n<li>Op\u0142ata za wy\u017cywienie dziecka wynosi 12 z\u0142 dziennie. Przedszkole zastrzega zmian\u0119 wysoko\u015bci stawki \u017cywieniowej w przypadku wzrostu cen zakupu surowc\u00f3w spo\u017cywczych.<\/li>\n<li>W przypadku nieobecno\u015bci dziecka w przedszkolu, op\u0142ata za wy\u017cywienie dziecka w miesi\u0105cu nast\u0119puj\u0105cym po miesi\u0105cu, w kt\u00f3rym dziecko by\u0142o nieobecne, podlega odliczeniu za ka\u017cdy dzie\u0144 nieobecno\u015bci dziecka w przedszkolu.<\/li>\n<li>Op\u0142aty o kt\u00f3rych mowa w pkt. 2, 6 naliczane s\u0105 miesi\u0119cznie i wr\u0119czane osobi\u015bcie ka\u017cdemu rodzicowi (opiekunowi prawnemu) na wydruku.<\/li>\n<li>Rodzic (opiekun prawny) zobowi\u0105zany jest ui\u015bci\u0107 \u2013 &#8211; naliczon\u0105 op\u0142at\u0119 za dany miesi\u0105c w terminie przelewem na konto przedszkola. W przypadku gdy ten dzie\u0144 jest ustawowo wolnym od pracy, za ostatni dzie\u0144 terminu p\u0142atno\u015bci uwa\u017ca si\u0119 nast\u0119pny dzie\u0144 powszedni.<\/li>\n<li>Za dzie\u0144 zap\u0142aty przyjmuje si\u0119 dzie\u0144 wp\u0142ywu \u015brodk\u00f3w na rachunek bankowy przedszkola.<\/li>\n<li>W przypadku je\u017celi rodzice (prawni opiekunowie) nie dokonali w terminie op\u0142at za przedszkole dyrektor w porozumieniu z Rad\u0105 Pedagogiczn\u0105 mo\u017ce podj\u0105\u0107 decyzj\u0119 o skre\u015bleniu z listy dziecka ucz\u0119szczaj\u0105cego do przedszkola oraz podj\u0105\u0107 kroki skierowania sprawy na drog\u0119 post\u0119powania komorniczego.<\/li>\n<\/ol>\n","protected":false},"excerpt":{"rendered":"<p>Procedury naliczania i pobierania odp\u0142atno\u015bci od rodzic\u00f3w&nbsp;(prawnych opiekun\u00f3w) za przedszkole \u015awiadczenia w przedszkolu realizowane s\u0105 przez pi\u0119\u0107 dni w tygodniu od poniedzia\u0142ku do pi\u0105tku w godzinach od 6.30 do 16.00, w tym bezp\u0142atnie przez 5 godzin dziennie. Wysoko\u015b\u0107 op\u0142aty za korzystanie przez dziecko ze \u015bwiadcze\u0144 przedszkola o kt\u00f3rej mowa Op\u0142ata miesi\u0119czna za przedszkole obejmuje faktycznie &hellip; <a href=\"https:\/\/przedszkolejenin.pl\/index.php\/strona-glowna\/oplaty\/\" class=\"more-link\">Czytaj dalej <span class=\"screen-reader-text\">Op\u0142aty<\/span> <span class=\"meta-nav\">&rarr;<\/span><\/a><\/p>\n","protected":false},"author":1,"featured_media":0,"parent":27,"menu_order":2,"comment_status":"closed","ping_status":"closed","template":"","meta":[],"_links":{"self":[{"href":"https:\/\/przedszkolejenin.pl\/index.php\/wp-json\/wp\/v2\/pages\/225"}],"collection":[{"href":"https:\/\/przedszkolejenin.pl\/index.php\/wp-json\/wp\/v2\/pages"}],"about":[{"href":"https:\/\/przedszkolejenin.pl\/index.php\/wp-json\/wp\/v2\/types\/page"}],"author":[{"embeddable":true,"href":"https:\/\/przedszkolejenin.pl\/index.php\/wp-json\/wp\/v2\/users\/1"}],"replies":[{"embeddable":true,"href":"https:\/\/przedszkolejenin.pl\/index.php\/wp-json\/wp\/v2\/comments?post=225"}],"version-history":[{"count":7,"href":"https:\/\/przedszkolejenin.pl\/index.php\/wp-json\/wp\/v2\/pages\/225\/revisions"}],"predecessor-version":[{"id":15673,"href":"https:\/\/przedszkolejenin.pl\/index.php\/wp-json\/wp\/v2\/pages\/225\/revisions\/15673"}],"up":[{"embeddable":true,"href":"https:\/\/przedszkolejenin.pl\/index.php\/wp-json\/wp\/v2\/pages\/27"}],"wp:attachment":[{"href":"https:\/\/przedszkolejenin.pl\/index.php\/wp-json\/wp\/v2\/media?parent=225"}],"curies":[{"name":"wp","href":"https:\/\/api.w.org\/{rel}","templated":true}]}}

Opłaty

<p><strong>Procedury naliczania i pobierania odpłatności od rodziców&nbsp;</strong><strong>(prawnych opiekunów) za przedszkole</strong></p>
<ol>
<li>Świadczenia w przedszkolu realizowane są przez pięć dni w tygodniu od poniedziałku do piątku w godzinach od 6.30 do 16.00, w tym bezpłatnie przez 5 godzin dziennie.</li>
<li>Wysokość opłaty za korzystanie przez dziecko ze świadczeń przedszkola o której mowa</li>
<li>Opłata miesięczna za przedszkole obejmuje faktycznie zarejestrowane godziny pobytu dziecka w danym okresie rozliczeniowym</li>
<li>Miesięczna wysokość opłaty za czas realizacji świadczeń ustalana jest jako iloczyn ewidencjonowanych godzin pobytu dziecka zminusowany o godziny bezpłatnej liczby godzin pobytu dziecka w przedszkolu .</li>
<li>Nauczyciel lub pomoc nauczyciela ewidencjonuje godzin przyjścia dziecka do przedszkola oraz godzinę odbioru dziecka. Rodzic lub osoba upoważniona składają podpis potwierdzający liczbę godzinowego pobytu dziecka w przedszkolu.</li>
<li>Opłata za wyżywienie dziecka wynosi 12 zł dziennie. Przedszkole zastrzega zmianę wysokości stawki żywieniowej w przypadku wzrostu cen zakupu surowców spożywczych.</li>
<li>W przypadku nieobecności dziecka w przedszkolu, opłata za wyżywienie dziecka w miesiącu następującym po miesiącu, w którym dziecko było nieobecne, podlega odliczeniu za każdy dzień nieobecności dziecka w przedszkolu.</li>
<li>Opłaty o których mowa w pkt. 2, 6 naliczane są miesięcznie i wręczane osobiście każdemu rodzicowi (opiekunowi prawnemu) na wydruku.</li>
<li>Rodzic (opiekun prawny) zobowiązany jest uiścić – &#8211; naliczoną opłatę za dany miesiąc w terminie przelewem na konto przedszkola. W przypadku gdy ten dzień jest ustawowo wolnym od pracy, za ostatni dzień terminu płatności uważa się następny dzień powszedni.</li>
<li>Za dzień zapłaty przyjmuje się dzień wpływu środków na rachunek bankowy przedszkola.</li>
<li>W przypadku jeżeli rodzice (prawni opiekunowie) nie dokonali w terminie opłat za przedszkole dyrektor w porozumieniu z Radą Pedagogiczną może podjąć decyzję o skreśleniu z listy dziecka uczęszczającego do przedszkola oraz podjąć kroki skierowania sprawy na drogę postępowania komorniczego.</li>
</ol>

<p>Procedury naliczania i pobierania odpłatności od rodziców&nbsp;(prawnych opiekunów) za przedszkole Świadczenia w przedszkolu realizowane są przez pięć dni w tygodniu od poniedziałku do piątku w godzinach od 6.30 do 16.00, w tym bezpłatnie przez 5 godzin dziennie. Wysokość opłaty za korzystanie przez dziecko ze świadczeń przedszkola o której mowa Opłata miesięczna za przedszkole obejmuje faktycznie &hellip; <a href="https://przedszkolejenin.pl/index.php/strona-glowna/oplaty/" class="more-link">Czytaj dalej <span class="screen-reader-text">Opłaty</span> <span class="meta-nav">&rarr;</span></a></p>
