{"id":12455,"date":"2024-10-02T21:33:04","date_gmt":"2024-10-02T19:33:04","guid":{"rendered":"http:\/\/przedszkolejenin.pl\/?page_id=12455"},"modified":"2026-08-31T21:31:59","modified_gmt":"2026-08-31T19:31:59","slug":"nasze-plany-na","status":"publish","type":"page","link":"https:\/\/przedszkolejenin.pl\/index.php\/nasze-plany-na\/","title":{"rendered":"Nasze plany na&#8230;"},"content":{"rendered":"\n<h2 class=\"has-text-align-center\"><strong><em><u>NASZE PLANY NA WRZESIE\u0143 \u2013 GRUPA JE\u017bYKI<\/u><\/em><\/strong><\/h2>\n\n\n\n<p><strong>1.\u201eNasze przedszkole\u201d<\/strong> &#8211; pomoc dzieciom nowoprzyby\u0142ym do przedszkola w adaptacji w nowym \u015brodowisku.<\/p>\n\n\n\n<p><strong>2. \u201eJeste\u015bmy bezpieczni\u201d \u2013<\/strong>bezpiecze\u0144stwo na drodze, w sali przedszkolnej oraz w domu.<\/p>\n\n\n\n<p><strong>3<\/strong>.<strong>Zebranie z rodzicami na sali wiejskiej w \u0141upowie \u2013 <\/strong>om\u00f3wienie bie\u017c\u0105cych spraw<strong> \u2013 8 wrze\u015bnia.<\/strong><\/p>\n\n\n\n<p><strong>4.\u201eMoje umiej\u0119tno\u015bci i talenty\u201d &#8211; <\/strong>poznawanie mocnych stron, emocji, schematu w\u0142asnego cia\u0142a.<\/p>\n\n\n\n<p><strong>5.\u201eDzie\u0144 kropki \u2013 \u015bwi\u0119to kreatywno\u015bci, odwagi i zabawy\u201d \u2013 <\/strong>odkrywanie swoich talent\u00f3w<strong>, <\/strong>rozumienie poszczeg\u00f3lnych emocji,wzmacnianie pewno\u015bci siebie<strong> &#8211; 15 wrze\u015bnia.<\/strong><\/p>\n\n\n\n<p><strong>6.\u201eObchody Og\u00f3lnopolskiego Dnia Przedszkolaka\u201d &#8211; <\/strong>kultywowanie tradycji przedszkolnych, wsp\u00f3lne \u015bwi\u0119towanie. <strong><\/strong><\/p>\n\n\n\n<p><strong>7.\u201eKolorowa Pani Jesie\u0144\u201d &#8211; <\/strong>poznawanie charakterystycznych cech jesieni.<\/p>\n\n\n\n<p><strong>8.<\/strong> Codzienna aktywno\u015b\u0107 ruchowa na \u015bwie\u017cym powietrzu(w zale\u017cno\u015bci od pogody)<\/p>\n\n\n\n<p><strong><u>W ramach realizacji zada\u0144 wynikaj\u0105cych z podstawy programowej dzieci nab\u0119d\u0105 wiadomo\u015bci i umiej\u0119tno\u015bci w zakresie:<\/u><\/strong><\/p>\n\n\n\n<p>&#8211; poznawania nowego \u015brodowiska, pokonywanie w\u0142asnych obaw i trudno\u015bci, &nbsp;radzenia sobie w nowych, trudnych sytuacjach, w sytuacjach stresowych,<\/p>\n\n\n\n<p><strong>&#8211; <\/strong>nawi\u0105zywania relacji r\u00f3wie\u015bniczych, kszta\u0142towania w\u0142a\u015bciwych umiej\u0119tno\u015bci komunikowania si\u0119 z kolegami i doros\u0142ymi, wsp\u00f3\u0142dzia\u0142ania z dzie\u0107mi w zabawie, przestrzegania regu\u0142 obowi\u0105zuj\u0105cych w spo\u00ad\u0142eczno\u015bci dzieci\u0119cej, kszta\u0142towanie poczucia przynale\u017cno\u015bci do \u201erodziny przedszkolnej\u201d,<\/p>\n\n\n\n<p>&#8211; podejmowania pr\u00f3b samodzielnego wykonywania czynno\u015bci samoobs\u0142ugowych,<\/p>\n\n\n\n<p>&#8211; bezpiecznego poruszania si\u0119 na drodze, poznaj\u0105 zasady prawid\u0142owego i bezpiecznego przechodzenia przez jezdni\u0119 oraz wygl\u0105d i znaczenie niekt\u00f3rych znak\u00f3w drogowych,<\/p>\n\n\n\n<p>&#8211; poznawania w\u0142asnych mo\u017cliwo\u015bci i zainteresowa\u0144, podejmowania r\u00f3\u017cnorodnych aktywno\u015bci,<\/p>\n\n\n\n<p>&#8211; kszta\u0142towania umiej\u0119tno\u015bci dostrzegania swoich mocnych stron, poznanie schematu w\u0142asnego cia\u0142a,<\/p>\n\n\n\n<p>&#8211; obserwowania zmian zachodz\u0105cych w przyrodzie jesieni\u0105, rozpoznawania charakterystycznych cech tej pory roku,<\/p>\n\n\n\n<p>&#8211; podejmowania dzia\u0142a\u0144 tw\u00f3rczych i eksperymentowania z r\u00f3\u017cnymi materia\u0142ami, rozwijania wyobra\u017ani i kreatywno\u015bci, wykonywania prostych prac plastycznych.<a><\/a><\/p>\n\n\n\n<h2 class=\"has-text-align-center\"><strong><em><strong><em><u>NASZE PLANY NA WRZESIE\u0143 &#8211; GRUPA WIEWI\u00d3RKI<\/u><\/em><\/strong><\/em><\/strong><\/h2>\n\n\n\n<p>1. <strong>\u201eNasze przedszkole\u201d<\/strong> &#8211; pomoc dzieciom nowoprzyby\u0142ym do przedszkola w adaptacji w nowym \u015brodowisku, , wsp\u00f3lne rozmowy na temat minionych wakacji.<\/p>\n\n\n\n<p>2. <strong>\u201eJeste\u015bmy bezpieczni\u201d<\/strong> \u2013 bezpiecze\u0144stwo na drodze, w sali przedszkolnej oraz w domu<strong>.<\/strong><\/p>\n\n\n\n<p>3. <strong>Zebranie z rodzicami na sali wiejskiej w \u0141upowie \u2013 om\u00f3wienie bie\u017c\u0105cych spraw \u2013 8 wrze\u015bnia<\/strong><\/p>\n\n\n\n<p>4. <strong>\u201eMoje umiej\u0119tno\u015bci i talenty\u201d<\/strong> \u2013 rozpoznawanie i nazywanie cz\u0119\u015bci cia\u0142a oraz narz\u0105d\u00f3w zmys\u0142\u00f3w, poznawanie mocnych stron, emocji, schematu w\u0142asnego cia\u0142a.<\/p>\n\n\n\n<p>5. <strong>\u201eDzie\u0144 kropki \u2013 \u015bwi\u0119to kreatywno\u015bci, odwagi i zabawy\u201d &#8211; <\/strong>wzmacnianie pewno\u015bci siebie<strong> &#8211; 15 wrze\u015bnia.<\/strong><\/p>\n\n\n\n<p>6. <strong>\u201eObchody Og\u00f3lnopolskiego Dnia Przedszkolaka\u201d &#8211; <\/strong>kultywowanie tradycji przedszkolnych.<\/p>\n\n\n\n<p>7. <strong>\u201eKolorowa Pani Jesie\u0144\u201d &#8211; <\/strong>poznawanie charakterystycznych cech jesieni oraz jej dar\u00f3w.<\/p>\n\n\n\n<p>8. Codzienna aktywno\u015b\u0107 ruchowa na \u015bwie\u017cym powietrzu(w zale\u017cno\u015bci od pogody).<\/p>\n\n\n\n<p><strong><u>W ramach realizacji zada\u0144 wynikaj\u0105cych z podstawy programowej dzieci nab\u0119d\u0105 wiadomo\u015bci i umiej\u0119tno\u015bci w zakresie:<\/u><\/strong><\/p>\n\n\n\n<p><strong>&#8211; <\/strong>nawi\u0105zywania relacji r\u00f3wie\u015bniczych, kszta\u0142towania w\u0142a\u015bciwych umiej\u0119tno\u015bci komunikowania si\u0119 z kolegami i doros\u0142ymi, wsp\u00f3\u0142dzia\u0142ania z dzie\u0107mi \u00a0\u00a0w zabawie, przestrzegania regu\u0142\u00a0obowi\u0105zuj\u0105cych w spo\u00ad\u0142eczno\u015bci dzieci\u0119cej,<\/p>\n\n\n\n<p>&#8211; kszta\u0142towania \u015bwiadomo\u015bci przynale\u017c\u00adno\u015bci do \u201erodziny przedszkolnej\u201d,<\/p>\n\n\n\n<p>&#8211; przedstawiania swoich emocji i uczu\u0107, u\u017cywaj\u0105c charakterystycznych dla dziecka form wyrazu, poznawania sposob\u00f3w kontroli emocji,<\/p>\n\n\n\n<p>&#8211; rozumienia roli zmys\u0142\u00f3w w \u017cyciu cz\u0142owieka, wykorzystywania narz\u0105d\u00f3w zmys\u0142\u00f3w podczas zabaw badawczych,<\/p>\n\n\n\n<p>&#8211; bezpiecznego poruszania si\u0119 na drodze, poznawania zasad prawid\u0142owego i bezpiecznego przechodzenia przez jezdni\u0119 oraz wygl\u0105d i znaczenia niekt\u00f3rych znak\u00f3w drogowych; \u00a0\u00a0\u00a0\u00a0\u00a0\u00a0\u00a0\u00a0\u00a0\u00a0\u00a0\u00a0\u00a0\u00a0\u00a0\u00a0\u00a0\u00a0\u00a0\u00a0\u00a0\u00a0\u00a0\u00a0\u00a0\u00a0\u00a0\u00a0\u00a0\u00a0\u00a0\u00a0\u00a0\u00a0\u00a0\u00a0\u00a0\u00a0\u00a0\u00a0\u00a0\u00a0\u00a0\u00a0\u00a0\u00a0\u00a0\u00a0\u00a0\u00a0\u00a0\u00a0\u00a0\u00a0\u00a0\u00a0<\/p>\n\n\n\n<p>&#8211; budowania poczucia w\u0142asnej warto\u015bci, doskonalenia umiej\u0119tno\u015b\u0107 tw\u00f3rczego my\u015blenia, rozwijania kreatywno\u015bci, wnioskowania,<\/p>\n\n\n\n<p>&#8211; umiej\u0119tno\u015bci sadzenia i piel\u0119gnowania ro\u015blin, poznawania niekt\u00f3rych jesiennych kwiat\u00f3w,<\/p>\n\n\n\n<p>&#8211; pos\u0142ugiwania si\u0119 poj\u0119ciami dotycz\u0105cymi zjawisk przyrodniczych &#8211; opadanie li\u015bci z drzew, sezonowa w\u0119dr\u00f3wka ptak\u00f3w.<\/p>\n","protected":false},"excerpt":{"rendered":"<p>NASZE PLANY NA WRZESIE\u0143 \u2013 GRUPA JE\u017bYKI 1.\u201eNasze przedszkole\u201d &#8211; pomoc dzieciom nowoprzyby\u0142ym do przedszkola w adaptacji w nowym \u015brodowisku. 2. \u201eJeste\u015bmy bezpieczni\u201d \u2013bezpiecze\u0144stwo na drodze, w sali przedszkolnej oraz w domu. 3.Zebranie z rodzicami na sali wiejskiej w \u0141upowie \u2013 om\u00f3wienie bie\u017c\u0105cych spraw \u2013 8 wrze\u015bnia. 4.\u201eMoje umiej\u0119tno\u015bci i talenty\u201d &#8211; poznawanie mocnych stron, &hellip; <a href=\"https:\/\/przedszkolejenin.pl\/index.php\/nasze-plany-na\/\" class=\"more-link\">Czytaj dalej <span class=\"screen-reader-text\">Nasze plany na&#8230;<\/span> <span class=\"meta-nav\">&rarr;<\/span><\/a><\/p>\n","protected":false},"author":1,"featured_media":0,"parent":0,"menu_order":2,"comment_status":"closed","ping_status":"closed","template":"","meta":[],"_links":{"self":[{"href":"https:\/\/przedszkolejenin.pl\/index.php\/wp-json\/wp\/v2\/pages\/12455"}],"collection":[{"href":"https:\/\/przedszkolejenin.pl\/index.php\/wp-json\/wp\/v2\/pages"}],"about":[{"href":"https:\/\/przedszkolejenin.pl\/index.php\/wp-json\/wp\/v2\/types\/page"}],"author":[{"embeddable":true,"href":"https:\/\/przedszkolejenin.pl\/index.php\/wp-json\/wp\/v2\/users\/1"}],"replies":[{"embeddable":true,"href":"https:\/\/przedszkolejenin.pl\/index.php\/wp-json\/wp\/v2\/comments?post=12455"}],"version-history":[{"count":42,"href":"https:\/\/przedszkolejenin.pl\/index.php\/wp-json\/wp\/v2\/pages\/12455\/revisions"}],"predecessor-version":[{"id":17394,"href":"https:\/\/przedszkolejenin.pl\/index.php\/wp-json\/wp\/v2\/pages\/12455\/revisions\/17394"}],"wp:attachment":[{"href":"https:\/\/przedszkolejenin.pl\/index.php\/wp-json\/wp\/v2\/media?parent=12455"}],"curies":[{"name":"wp","href":"https:\/\/api.w.org\/{rel}","templated":true}]}}

<h2 class="has-text-align-center"><strong><em><u>NASZE PLANY NA WRZESIEŃ – GRUPA JEŻYKI</u></em></strong></h2>



<p><strong>1.„Nasze przedszkole”</strong> &#8211; pomoc dzieciom nowoprzybyłym do przedszkola w adaptacji w nowym środowisku.</p>



<p><strong>2. „Jesteśmy bezpieczni” –</strong>bezpieczeństwo na drodze, w sali przedszkolnej oraz w domu.</p>



<p><strong>3</strong>.<strong>Zebranie z rodzicami na sali wiejskiej w Łupowie – </strong>omówienie bieżących spraw<strong> – 8 września.</strong></p>



<p><strong>4.„Moje umiejętności i talenty” &#8211; </strong>poznawanie mocnych stron, emocji, schematu własnego ciała.</p>



<p><strong>5.„Dzień kropki – święto kreatywności, odwagi i zabawy” – </strong>odkrywanie swoich talentów<strong>, </strong>rozumienie poszczególnych emocji,wzmacnianie pewności siebie<strong> &#8211; 15 września.</strong></p>



<p><strong>6.„Obchody Ogólnopolskiego Dnia Przedszkolaka” &#8211; </strong>kultywowanie tradycji przedszkolnych, wspólne świętowanie. <strong></strong></p>



<p><strong>7.„Kolorowa Pani Jesień” &#8211; </strong>poznawanie charakterystycznych cech jesieni.</p>



<p><strong>8.</strong> Codzienna aktywność ruchowa na świeżym powietrzu(w zależności od pogody)</p>



<p><strong><u>W ramach realizacji zadań wynikających z podstawy programowej dzieci nabędą wiadomości i umiejętności w zakresie:</u></strong></p>



<p>&#8211; poznawania nowego środowiska, pokonywanie własnych obaw i trudności, &nbsp;radzenia sobie w nowych, trudnych sytuacjach, w sytuacjach stresowych,</p>



<p><strong>&#8211; </strong>nawiązywania relacji rówieśniczych, kształtowania właściwych umiejętności komunikowania się z kolegami i dorosłymi, współdziałania z dziećmi w zabawie, przestrzegania reguł obowiązujących w spo­łeczności dziecięcej, kształtowanie poczucia przynależności do „rodziny przedszkolnej”,</p>



<p>&#8211; podejmowania prób samodzielnego wykonywania czynności samoobsługowych,</p>



<p>&#8211; bezpiecznego poruszania się na drodze, poznają zasady prawidłowego i bezpiecznego przechodzenia przez jezdnię oraz wygląd i znaczenie niektórych znaków drogowych,</p>



<p>&#8211; poznawania własnych możliwości i zainteresowań, podejmowania różnorodnych aktywności,</p>



<p>&#8211; kształtowania umiejętności dostrzegania swoich mocnych stron, poznanie schematu własnego ciała,</p>



<p>&#8211; obserwowania zmian zachodzących w przyrodzie jesienią, rozpoznawania charakterystycznych cech tej pory roku,</p>



<p>&#8211; podejmowania działań twórczych i eksperymentowania z różnymi materiałami, rozwijania wyobraźni i kreatywności, wykonywania prostych prac plastycznych.<a></a></p>



<h2 class="has-text-align-center"><strong><em><strong><em><u>NASZE PLANY NA WRZESIEŃ &#8211; GRUPA WIEWIÓRKI</u></em></strong></em></strong></h2>



<p>1. <strong>„Nasze przedszkole”</strong> &#8211; pomoc dzieciom nowoprzybyłym do przedszkola w adaptacji w nowym środowisku, , wspólne rozmowy na temat minionych wakacji.</p>



<p>2. <strong>„Jesteśmy bezpieczni”</strong> – bezpieczeństwo na drodze, w sali przedszkolnej oraz w domu<strong>.</strong></p>



<p>3. <strong>Zebranie z rodzicami na sali wiejskiej w Łupowie – omówienie bieżących spraw – 8 września</strong></p>



<p>4. <strong>„Moje umiejętności i talenty”</strong> – rozpoznawanie i nazywanie części ciała oraz narządów zmysłów, poznawanie mocnych stron, emocji, schematu własnego ciała.</p>



<p>5. <strong>„Dzień kropki – święto kreatywności, odwagi i zabawy” &#8211; </strong>wzmacnianie pewności siebie<strong> &#8211; 15 września.</strong></p>



<p>6. <strong>„Obchody Ogólnopolskiego Dnia Przedszkolaka” &#8211; </strong>kultywowanie tradycji przedszkolnych.</p>



<p>7. <strong>„Kolorowa Pani Jesień” &#8211; </strong>poznawanie charakterystycznych cech jesieni oraz jej darów.</p>



<p>8. Codzienna aktywność ruchowa na świeżym powietrzu(w zależności od pogody).</p>



<p><strong><u>W ramach realizacji zadań wynikających z podstawy programowej dzieci nabędą wiadomości i umiejętności w zakresie:</u></strong></p>



<p><strong>&#8211; </strong>nawiązywania relacji rówieśniczych, kształtowania właściwych umiejętności komunikowania się z kolegami i dorosłymi, współdziałania z dziećmi   w zabawie, przestrzegania reguł obowiązujących w spo­łeczności dziecięcej,</p>



<p>&#8211; kształtowania świadomości przynależ­ności do „rodziny przedszkolnej”,</p>



<p>&#8211; przedstawiania swoich emocji i uczuć, używając charakterystycznych dla dziecka form wyrazu, poznawania sposobów kontroli emocji,</p>



<p>&#8211; rozumienia roli zmysłów w życiu człowieka, wykorzystywania narządów zmysłów podczas zabaw badawczych,</p>



<p>&#8211; bezpiecznego poruszania się na drodze, poznawania zasad prawidłowego i bezpiecznego przechodzenia przez jezdnię oraz wygląd i znaczenia niektórych znaków drogowych;                                                         </p>



<p>&#8211; budowania poczucia własnej wartości, doskonalenia umiejętność twórczego myślenia, rozwijania kreatywności, wnioskowania,</p>



<p>&#8211; umiejętności sadzenia i pielęgnowania roślin, poznawania niektórych jesiennych kwiatów,</p>



<p>&#8211; posługiwania się pojęciami dotyczącymi zjawisk przyrodniczych &#8211; opadanie liści z drzew, sezonowa wędrówka ptaków.</p>

<p>NASZE PLANY NA WRZESIEŃ – GRUPA JEŻYKI 1.„Nasze przedszkole” &#8211; pomoc dzieciom nowoprzybyłym do przedszkola w adaptacji w nowym środowisku. 2. „Jesteśmy bezpieczni” –bezpieczeństwo na drodze, w sali przedszkolnej oraz w domu. 3.Zebranie z rodzicami na sali wiejskiej w Łupowie – omówienie bieżących spraw – 8 września. 4.„Moje umiejętności i talenty” &#8211; poznawanie mocnych stron, &hellip; <a href="https://przedszkolejenin.pl/index.php/nasze-plany-na/" class="more-link">Czytaj dalej <span class="screen-reader-text">Nasze plany na&#8230;</span> <span class="meta-nav">&rarr;</span></a></p>
