{"id":11016,"date":"2024-01-25T19:57:09","date_gmt":"2024-01-25T18:57:09","guid":{"rendered":"http:\/\/przedszkolejenin.pl\/?page_id=11016"},"modified":"2024-09-26T21:41:30","modified_gmt":"2024-09-26T19:41:30","slug":"deklaracja-dostepnosci","status":"publish","type":"page","link":"https:\/\/przedszkolejenin.pl\/index.php\/deklaracja-dostepnosci\/","title":{"rendered":"Deklaracja dost\u0119pno\u015bci"},"content":{"rendered":"\n<p>Deklaracja dost\u0119pno\u015bci serwisu WWW Gminnego Przedszkola Publicznego w Jeninie<\/p>\n\n\n\n<p>Gminne Przedszkole Publiczne w Jeninie zobowi\u0105zuje si\u0119 zapewni\u0107 dost\u0119pno\u015b\u0107 swojej strony internetowej, serwisu WWW zgodnie z przepisami ustawy z dnia 4&nbsp;kwietnia 2019&nbsp;r. o&nbsp;dost\u0119pno\u015bci cyfrowej stron internetowych i&nbsp;aplikacji mobilnych podmiot\u00f3w publicznych. O\u015bwiadczenie w sprawie dost\u0119pno\u015bci ma zastosowanie do strony internetowej&nbsp;<a href=\"http:\/\/przedszkolejenin.pl\/\">serwisu WWW Gminnego Przedszkola Publicznego w Jeninie<\/a>.<\/p>\n\n\n\n<ul>\n<li>Data publikacji strony internetowej: 2017-12-21<\/li>\n\n\n\n<li>Data ostatniej istotnej aktualizacji: 2024-01-25<\/li>\n<\/ul>\n\n\n\n<p>Status pod wzgl\u0119dem zgodno\u015bci z ustaw\u0105<\/p>\n\n\n\n<p>Strona internetowa jest&nbsp;<strong>cz\u0119\u015bciowo zgodna<\/strong>&nbsp;z&nbsp;ustaw\u0105 o&nbsp;dost\u0119pno\u015bci cyfrowej stron internetowych i&nbsp;aplikacji mobilnych podmiot\u00f3w publicznych z&nbsp;powodu niezgodno\u015bci lub wy\u0142\u0105cze\u0144 wymienionych poni\u017cej.<\/p>\n\n\n\n<p>Tre\u015bci niedost\u0119pne<\/p>\n\n\n\n<ul>\n<li>filmy, materia\u0142y multimedialne nie posiadaj\u0105 audiodeskrypcji , napis\u00f3w dla os\u00f3b g\u0142uchych,<\/li>\n\n\n\n<li>cz\u0119\u015b\u0107 plik\u00f3w nie jest dost\u0119pnych cyfrowo,<\/li>\n\n\n\n<li>brak opis\u00f3w alternatywnych i tytu\u0142\u00f3w dla cz\u0119\u015bci zdj\u0119\u0107 i obrazk\u00f3w,<\/li>\n\n\n\n<li>cz\u0119\u015b\u0107 dokument\u00f3w PDF posiada b\u0142\u0119dy w warstwie tekstowej (po skanowaniu\/OCR),<\/li>\n\n\n\n<li>dokumenty PDF nie s\u0105 poprawnie odczytywane przez programy dla os\u00f3b niewidz\u0105cych (np. nieprawid\u0142owo przygotowane tabele, wykresy, obrazki, brak sekcji nawigacyjnych, tytu\u0142u itp.).<\/li>\n<\/ul>\n\n\n\n<p>Wy\u0142\u0105czenia<\/p>\n\n\n\n<ul>\n<li>mapy s\u0105 wy\u0142\u0105czone z obowi\u0105zku zapewniania dost\u0119pno\u015bci,<\/li>\n\n\n\n<li>filmy zosta\u0142y opublikowane przed wej\u015bciem w \u017cycie ustawy o dost\u0119pno\u015bci cyfrowej, poprawienie dost\u0119pno\u015bci strony nios\u0142oby za sob\u0105 nadmierne obci\u0105\u017cenia dla podmiotu publicznego.<\/li>\n<\/ul>\n\n\n\n<p>Przygotowanie deklaracji w sprawie dost\u0119pno\u015bci<\/p>\n\n\n\n<ul>\n<li>Deklaracj\u0119 sporz\u0105dzono dnia: 2024-01-25<\/li>\n\n\n\n<li>Deklaracj\u0119 zosta\u0142a ostatnio poddana przegl\u0105dowi i aktualizacji dnia: 2024-01-25<\/li>\n<\/ul>\n\n\n\n<p>Deklaracj\u0119 sporz\u0105dzono na podstawie samooceny.<\/p>\n\n\n\n<p>Informacje zwrotne i dane kontaktowe<\/p>\n\n\n\n<ul>\n<li>Za rozpatrywanie uwag i wniosk\u00f3w odpowiada: Ewa Drozd<\/li>\n\n\n\n<li>E-mail: ppjenin@wp.pl<\/li>\n\n\n\n<li>Telefon: 95 7510015<\/li>\n<\/ul>\n\n\n\n<p>Ka\u017cdy ma prawo:<\/p>\n\n\n\n<ul>\n<li>zg\u0142osi\u0107 uwagi dotycz\u0105ce dost\u0119pno\u015bci cyfrowej strony lub jej elementu,<\/li>\n\n\n\n<li>zg\u0142osi\u0107 \u017c\u0105danie zapewnienia dost\u0119pno\u015bci cyfrowej strony lub jej elementu,<\/li>\n\n\n\n<li>wnioskowa\u0107 o udost\u0119pnienie niedost\u0119pnej informacji w innej alternatywnej formie.<\/li>\n<\/ul>\n\n\n\n<p>\u017b\u0105danie musi zawiera\u0107:<\/p>\n\n\n\n<ul>\n<li>dane kontaktowe osoby zg\u0142aszaj\u0105cej,<\/li>\n\n\n\n<li>wskazanie strony lub elementu strony, kt\u00f3rej dotyczy \u017c\u0105danie,<\/li>\n\n\n\n<li>wskazanie dogodnej formy udost\u0119pnienia informacji, je\u015bli \u017c\u0105danie dotyczy udost\u0119pnienia w formie alternatywnej informacji niedost\u0119pnej.<\/li>\n<\/ul>\n\n\n\n<p>Rozpatrzenie zg\u0142oszenia powinno nast\u0105pi\u0107 niezw\u0142ocznie, najp\u00f3\u017aniej w ci\u0105gu 7 dni. Je\u015bli w tym terminie zapewnienie dost\u0119pno\u015bci albo zapewnienie dost\u0119pu w alternatywnej formie nie jest mo\u017cliwe, powinno nast\u0105pi\u0107 najdalej w ci\u0105gu 2 miesi\u0119cy od daty zg\u0142oszenia.<\/p>\n\n\n\n<p>Skargi i odwo\u0142ania<\/p>\n\n\n\n<p>Na niedotrzymanie tych termin\u00f3w oraz na odmow\u0119 realizacji \u017c\u0105dania mo\u017cna z\u0142o\u017cy\u0107 skarg\u0119 do organu nadzoruj\u0105cego poczt\u0105 lub drog\u0105 elektroniczn\u0105 na adres:<\/p>\n\n\n\n<ul>\n<li>Organ nadzoruj\u0105cy: Dyrektor Przedszkola<\/li>\n\n\n\n<li>Adres: Gminne Przedszkole Publiczne w Jeninie, ul. Lipowa 6, 66-450 Bogdaniec<\/li>\n\n\n\n<li>E-mail: ppjenin@wp.pl<\/li>\n\n\n\n<li>Telefon: tel. 95 7510015<\/li>\n<\/ul>\n\n\n\n<p>Skarg\u0119 mo\u017cna z\u0142o\u017cy\u0107 r\u00f3wnie\u017c do&nbsp;<a href=\"https:\/\/www.rpo.gov.pl\/content\/jak-zglosic-sie-do-rzecznika-praw-obywatelskich\">Rzecznika Praw Obywatelskich<\/a>.<\/p>\n\n\n\n<p>Dost\u0119pno\u015b\u0107 architektoniczna<\/p>\n\n\n\n<p>Do budynku prowadzi jedno wej\u015bcie przez bram\u0119 g\u0142\u00f3wn\u0105. Przy wej\u015bciu g\u0142\u00f3wnym dzwonek przywo\u0142awczy.<br>Budynek wolnostoj\u0105cy, dwukondygnacyjny, wykorzystywany tylko parter, brak windy, z g\u0142\u00f3wnym korytarzem z dost\u0119pno\u015bci\u0105 do wszystkich pomieszcze\u0144, sal.<br>Nad wej\u015bciem nie ma g\u0142o\u015bnik\u00f3w systemu naprowadzaj\u0105cego d\u017awi\u0119kowo osoby niewidome i s\u0142abowidz\u0105ce.<br>W budynku nie ma toalet dla os\u00f3b niepe\u0142nosprawnych.<br>Przed budynkiem nie wyznaczono miejsc parkingowych dla os\u00f3b niepe\u0142nosprawnych.<br>Do budynku i wszystkich jego pomieszcze\u0144 mo\u017cna wej\u015b\u0107 z psem asystuj\u0105cym i psem przewodnikiem.<br>W budynku nie ma p\u0119tli indukcyjnych.<br>W budynku nie ma oznacze\u0144 w alfabecie brajla ani oznacze\u0144 kontrastowych lub w druku powi\u0119kszonym dla os\u00f3b niewidomych i s\u0142abowidz\u0105cych.<br>Budynek niedostosowany dla os\u00f3b niepe\u0142nosprawnych.<br>Mo\u017cna skorzysta\u0107 z pomocy osoby przybranej tj. osoby, kt\u00f3ra uko\u0144czy\u0142a 16 lat i zosta\u0142a wybrana przez osob\u0119 zainteresowan\u0105 w celu u\u0142atwienia porozumienia z ni\u0105 i udzielenia jej pomocy w za\u0142atwieniu spraw.<br>Osoba zainteresowana za\u0142atwieniem sprawy urz\u0119dowej przy pomocy t\u0142umacza j\u0119zyka migowego powinna zg\u0142osi\u0107 ten fakt co najmniej na 3 dni robocze przed planowanym terminem jej za\u0142atwienia (z wy\u0142\u0105czeniem sytuacji nag\u0142ych).<br>W zg\u0142oszeniu nale\u017cy poda\u0107 zwi\u0119z\u0142y opis sprawy oraz wskaza\u0107 metod\u0119 komunikowania si\u0119:<br>&nbsp;&nbsp;&nbsp; \u2013 PJM (polski j\u0119zyk migowy),<br>&nbsp;&nbsp;&nbsp; \u2013 SJM (system j\u0119zykowo-migowy),<br>&nbsp;&nbsp;&nbsp; \u2013 SKOGN (spos\u00f3b komunikowania si\u0119 os\u00f3b g\u0142uchoniemych).<br>Zg\u0142oszenie winno by\u0107 dokonane za pomoc\u0105 dost\u0119pnych \u015brodk\u00f3w komunikacji&nbsp; na podany powy\u017cej adres, numer telefonu, faksu lub e-mail.<\/p>\n\n\n\n<p>Informacje dodatkowe i inne o\u015bwiadczenia<\/p>\n\n\n\n<p>Przeprowadzono standardowe testy zgodno\u015bci standardami W3C i WCAG. Serwis w znacznym stopniu spe\u0142nia wytyczne techniczne zwi\u0105zane z dost\u0119pno\u015bci\u0105. Staramy si\u0119 sukcesywnie eliminowa\u0107 wszystkie b\u0142\u0119dy sk\u0142adowe, aby serwis dobrze spe\u0142nia\u0142 wytyczne zwi\u0105zane z dost\u0119pno\u015bci\u0105.<br><br><\/p>\n\n\n\n<p><strong><a href=\"http:\/\/przedszkolejenin.pl\/wp-content\/uploads\/2024\/01\/raport_dostepnosci_jenin.pdf\">pobierz raport o stanie zapewnienia dostepno\u015bci podmiotu publicznego<\/a><\/strong><\/p>\n","protected":false},"excerpt":{"rendered":"<p>Deklaracja dost\u0119pno\u015bci serwisu WWW Gminnego Przedszkola Publicznego w Jeninie Gminne Przedszkole Publiczne w Jeninie zobowi\u0105zuje si\u0119 zapewni\u0107 dost\u0119pno\u015b\u0107 swojej strony internetowej, serwisu WWW zgodnie z przepisami ustawy z dnia 4&nbsp;kwietnia 2019&nbsp;r. o&nbsp;dost\u0119pno\u015bci cyfrowej stron internetowych i&nbsp;aplikacji mobilnych podmiot\u00f3w publicznych. O\u015bwiadczenie w sprawie dost\u0119pno\u015bci ma zastosowanie do strony internetowej&nbsp;serwisu WWW Gminnego Przedszkola Publicznego w Jeninie. Status &hellip; <a href=\"https:\/\/przedszkolejenin.pl\/index.php\/deklaracja-dostepnosci\/\" class=\"more-link\">Czytaj dalej <span class=\"screen-reader-text\">Deklaracja dost\u0119pno\u015bci<\/span> <span class=\"meta-nav\">&rarr;<\/span><\/a><\/p>\n","protected":false},"author":1,"featured_media":0,"parent":0,"menu_order":12,"comment_status":"closed","ping_status":"closed","template":"","meta":[],"_links":{"self":[{"href":"https:\/\/przedszkolejenin.pl\/index.php\/wp-json\/wp\/v2\/pages\/11016"}],"collection":[{"href":"https:\/\/przedszkolejenin.pl\/index.php\/wp-json\/wp\/v2\/pages"}],"about":[{"href":"https:\/\/przedszkolejenin.pl\/index.php\/wp-json\/wp\/v2\/types\/page"}],"author":[{"embeddable":true,"href":"https:\/\/przedszkolejenin.pl\/index.php\/wp-json\/wp\/v2\/users\/1"}],"replies":[{"embeddable":true,"href":"https:\/\/przedszkolejenin.pl\/index.php\/wp-json\/wp\/v2\/comments?post=11016"}],"version-history":[{"count":8,"href":"https:\/\/przedszkolejenin.pl\/index.php\/wp-json\/wp\/v2\/pages\/11016\/revisions"}],"predecessor-version":[{"id":12321,"href":"https:\/\/przedszkolejenin.pl\/index.php\/wp-json\/wp\/v2\/pages\/11016\/revisions\/12321"}],"wp:attachment":[{"href":"https:\/\/przedszkolejenin.pl\/index.php\/wp-json\/wp\/v2\/media?parent=11016"}],"curies":[{"name":"wp","href":"https:\/\/api.w.org\/{rel}","templated":true}]}}